k = -5*z - 43. Suppose -2*h + 4 = -0*h. What is the highest common divisor of k and h?
2
Let w = 1262 + -827. Calculate the highest common divisor of w and 15.
15
Suppose -5*g + 982 = 3*r - 344, -4*r - 5*g = -1768. What is the greatest common factor of 85 and r?
17
Suppose 25*x - 64*x + 19722 = -20*x. Calculate the greatest common divisor of 18 and x.
6
Suppose 3*x - 3755 = p, 2*p = -4*x - 2290 - 5180. Let f be p/(-285) + 4/(-30). Calculate the highest common factor of 91 and f.
13
Let o = 5986 - -366. Calculate the highest common divisor of o and 32.
16
Suppose -42*y - 23670 - 23830 = -232*y. Calculate the highest common divisor of y and 470.
10
Let x(u) = -17678*u - 194436. Let p be x(-11). Suppose 0 = -d + 3*h + 93, 5*d + 2*h + 2*h - 503 = 0. Calculate the highest common factor of p and d.
11
Suppose -13*s - 3 = -14*s. Suppose -s*k + 5*k = 196. Suppose -c + 8*c - k = 0. Calculate the highest common divisor of c and 98.
14
Suppose 8*y + 567 = 11*y. What is the greatest common divisor of 609 and y?
21
Suppose -5*a + 455 = -258*b + 263*b, 0 = 3*a + b - 283. Calculate the greatest common divisor of 9840 and a.
48
Suppose 6*p - 110 + 20 = 0. Suppose -h - p = -4*t - 52, 3*h - 85 = -t. Calculate the greatest common divisor of 145 and h.
29
Let g be 1*-11*-7*(-17 + 18). Let i be 1/(-2)*-2 + 2. Suppose m - 4*m = q - 7, 2*m = i*q - 21. What is the highest common factor of g and q?
7
Let d(i) = -17*i + 17*i + 3 - 11*i. Let z = 20 + -21. Let k be d(z). What is the highest common divisor of 2 and k?
2
Let c(r) = 11*r - 22. Let h(k) = -32*k + 65. Let a(b) = -17*c(b) - 6*h(b). Let w = 288 - 280. Let u be a(w). Calculate the greatest common divisor of 3 and u.
3
Suppose -4*x + 4*d + 1626 = -358, 4*d + 4 = 0. Suppose 43*v = 23*v + 19*v + 7, r - 4*v + 6 = 0. What is the greatest common divisor of x and r?
11
Let l(g) be the third derivative of g**4/24 + 16*g**3/3 + 17*g**2. Let w be l(4). Calculate the greatest common factor of 156 and w.
12
Suppose 5*m - 88 - 132 = 0. Let q = -12 + m. Suppose n + 4*r - 7 = q, 159 = 3*n - 2*r. What is the greatest common factor of n and 17?
17
Let o(x) = 31*x + 86. Let n be o(-8). Let u = n + 186. Calculate the greatest common divisor of 192 and u.
24
Let g = -3311 + 3329. What is the greatest common divisor of g and 7974?
18
Suppose 0 = -5*u + 15, -u - 7 = -v + 2. Suppose 2*h = -4*s + 8, 4*h + 4*s - 20 = v. What is the highest common factor of 276 and h?
12
Suppose 3*l + 2*l - 505 = 0. Let u be (-6)/(-81) + (-15)/810*598. Let i = u + l. Calculate the greatest common divisor of i and 36.
18
Let f(d) = -d**3 + 4*d**2 - 8*d + 31. Let j be f(4). Let i be 1/(612/(-207) + (-3)/j). Calculate the greatest common factor of i and 115.
23
Suppose 2*n - p + 2*p - 196 = 0, -3*n + 280 = -2*p. Let o be (0 - 2) + 3*34. Let y = o - n. What is the highest common divisor of 20 and y?
4
Let k be (-40)/(-3 + 8) + 1. Let t be (34/(-2))/(-1 - (-7 - k)). Let y = t - -3. What is the highest common factor of 220 and y?
20
Let s(q) = 286*q**2 - 35*q - 36. Let u be s(-1). What is the greatest common divisor of u and 150?
15
Let y be 0 + 4 + -4 + 5. Suppose 0 = -g + c + 15, -y*c = -2*c. Suppose -339 = -14*t - 129. What is the greatest common divisor of g and t?
15
Suppose 12888 = 37*v - 52*v + 87*v. Calculate the greatest common factor of v and 1.
1
Suppose -105*v - 24*v = 22*v - 1812. Let x = 167 - 115. What is the greatest common factor of v and x?
4
Let c = -6349 + 6724. What is the highest common divisor of c and 185?
5
Suppose -19*a + 2694 = -25*a. Let q = a + 497. What is the greatest common divisor of 144 and q?
48
Let a be 3/(-6) - (-3)/(-6). Let o(y) = -4*y - 1. Let g be o(a). Suppose -5*f = 20 - 155. What is the highest common divisor of f and g?
3
Let x = 973 + -910. Suppose 2*r - 2*p + 0*p - 204 = 0, -2*r + 216 = -5*p. Suppose r = 2*j + 14. What is the highest common factor of j and x?
21
Let r = -10 - -16. Suppose -5*w - 3*u = -4 - 5, -5*u = -15. Suppose w = 3*f + 3*a - 3 - 6, -2*f = 3*a - 3. What is the greatest common factor of f and r?
6
Let p(q) = 126*q - 795. Let o be p(20). Calculate the greatest common factor of o and 276.
69
Suppose 4950 = 3*c + 2*c. Suppose -57*a - c = -67*a. Let s(o) = -o**2 - 11*o - 7. Let k be s(-9). What is the greatest common divisor of k and a?
11
Let c = 7 - 3. Suppose l = -c*l + 95. Let v be ((-1197)/15)/(560/(-1200)). What is the greatest common divisor of l and v?
19
Let m(x) = 3*x**2 - 9*x - 8. Let j be m(-5). Let i = j + -26. Let f = i + -65. What is the highest common factor of 63 and f?
21
Let a be 375 - (14 + -4 + -28). What is the highest common factor of a and 90?
3
Suppose -5*v = -0*v - 5*u - 65, 3*v + 4*u - 25 = 0. Suppose -v*a - 28 = -15*a. Suppose -19 = -2*k + a. Calculate the greatest common divisor of 13 and k.
13
Let j = 9407 - 8042. Calculate the highest common divisor of j and 2535.
195
Let l = 9382 - 9347. Calculate the greatest common factor of 1904 and l.
7
Let s be 29 + -27 + 2/2. Suppose 5*p + s*g - 819 = -194, -5*p - 5*g + 625 = 0. Calculate the greatest common divisor of p and 100.
25
Let a = 402 - 400. Let t be 8/(-6) + a + 990/135. Let c be 0 - -1*(-1 - -3). What is the greatest common divisor of t and c?
2
Let u(d) = -d**3 + 6*d**2 + 13*d + 15. Let s be u(10). Let y = s + 390. What is the highest common divisor of y and 45?
45
Let o(y) = -14*y - 629. Let k be o(-37). Let a(w) = -w**3 - w**2 + w - 159. Let l be a(0). Let c = k - l. What is the greatest common divisor of c and 16?
16
Let o be (3 + 0/2)/(-1). Let x = 25 + o. Let q = -2386437 - -2386441. What is the highest common divisor of x and q?
2
Let c(u) = 6*u + 44. Let g be c(-11). Let r = g + 232. Calculate the greatest common divisor of 42 and r.
42
Suppose 4702*g = 4677*g + 15075. Calculate the greatest common factor of g and 882.
9
Let f be (30/4 + 0)*14. Let j = 3245 - 3242. Suppose j*n = -0*n + f. Calculate the greatest common divisor of 10 and n.
5
Let x = 25 - 11. Let q(t) = t**3 + 11*t**2 - 33*t - 328. Let j be q(-11). What is the highest common factor of j and x?
7
Let s(z) = -138*z**3 - z**2 - 10*z - 11. Let k be s(-1). Calculate the highest common factor of k and 952.
136
Suppose 28 = 3*x + i, -2*i - 11 + 7 = 0. Suppose -4*b - 8 = -s - x, 4*s + 2*b - 46 = 0. What is the highest common factor of 90 and s?
10
Suppose 28*w - 63 = 25*w. Let i(v) = 71*v**2 - 5 - 7 + 1 - 70*v**2 - 14*v. Let a be i(19). Calculate the highest common divisor of w and a.
21
Suppose -3*z - 4*v - 78 = 0, 43 + 10 = -2*z - 3*v. Let j be (-846)/z + (-348)/(-638). Calculate the greatest common divisor of j and 624.
39
Suppose -240 - 6384 = -23*z. What is the greatest common divisor of 261 and z?
9
Suppose -99 + 219 = 6*z. Calculate the highest common factor of z and 410.
10
Let q be (62/3)/(2/3). Suppose s + 4*f + 221 = 5*f, -3*s = f + 671. Let h = s - -347. Calculate the greatest common factor of q and h.
31
Suppose -11*o - 5*r - 17 = -14*o, 3*o + 2*r - 94 = 0. Suppose 2*b + 5*k - 12 = 0, 5*k - 2*k = 2*b - 44. What is the greatest common divisor of b and o?
8
Let k = 871 - 1011. Let q be 1/((-704)/k + (-6 - -1)). Let g(b) = 6*b**3 + 2*b**2 - b. Let o be g(1). What is the greatest common factor of q and o?
7
Let t(c) = -113*c + 499. Let x be t(4). What is the highest common divisor of 3149 and x?
47
Let t be (-2)/(-4)*(2 - 0). Let w(d) = -4*d + 33. Let r be 13 + -2 + -1*(4 - 1). Let x be w(r). Calculate the highest common factor of t and x.
1
Suppose 0 = 151*v - 178*v + 810. Calculate the highest common divisor of v and 1185.
15
Let f(v) = 35*v - 93. Let t be f(6). Suppose -4*y - 14 = -z + 22, 0 = -5*z - y + t. Calculate the highest common divisor of 264 and z.
24
Let o(l) be the first derivative of 15 - 5/2*l**2 - 35*l. Let r be o(-12). What is the highest common factor of r and 200?
25
Let y = 3260 - 1226. Calculate the greatest common factor of 72 and y.
18
Let d(z) = -1226*z - 38. Let o be d(-1). Calculate the greatest common divisor of 462 and o.
66
Let f be 236/(-24) - (-3)/(-18). Let u be (f/4)/((-13)/(-182)). Let c = -28 - u. What is the highest common factor of c and 56?
7
Let m be 6 + -4 + 15 + 4 + -5. Suppose -p + 5*h = -m + 13, 5*p = 4*h + 78. What is the highest common divisor of p and 342?
18
Suppose 0 = 5*c - q - 34, -25 = -2